+ 15. Suppose -2*a = -0*a - p. List the prime factors of a.
13
Suppose c = -4*i + 100, -5*i + c + 125 = -0*c. What are the prime factors of i?
5
Suppose 0 = -5*f + 89 + 36. Let l = 50 + -36. Let x = f - l. List the prime factors of x.
11
Let x(o) = -14*o**3 + 3*o**2 + 5*o + 1. What are the prime factors of x(-2)?
5, 23
Let k(a) = a**2 - 2*a - 2. Let n(m) = -m**3 - 4*m**2 + 5*m - 3. Let p be n(-5). List the prime factors of k(p).
13
Suppose 3*t = -1 - 11. Let n(k) = 3*k + 2. Let p(q) = 5*q + 5. Let i(b) = t*p(b) + 9*n(b). What are the prime factors of i(2)?
2, 3
Let b be 6*(-4)/(4 + 0). Let g(t) be the second derivative of -t**3/6 - 2*t**2 + t. What are the prime factors of g(b)?
2
Let t(p) = p - 3. Let a(r) = 2*r - 6. Let h(u) = -4*a(u) + 9*t(u). Let w be h(0). Let f = 7 + w. What are the prime factors of f?
2
Let o = 10 - -1. Let z = -4 + o. What are the prime factors of z?
7
Let d be (-2)/9*-3*-3. List the prime factors of (12 - 2) + 4/d.
2
Let u(d) be the first derivative of -d**2 - 4*d - 2. Let a(s) = 5*s + 11. Let h(l) = -3*a(l) - 8*u(l). What are the prime factors of h(7)?
2, 3
Let h(r) = -r**2 + 17*r - 22. What are the prime factors of h(6)?
2, 11
Suppose -5*p - 35 = -3*w + 16, 5*p + 5*w = -75. Let a be (-191)/6 + 2/p. Let z = a - -52. What are the prime factors of z?
2, 5
Suppose 0 = p + p - 76. List the prime factors of p.
2, 19
Let b(x) = x**2 + 10*x - 1. Let q be b(-7). Let r = 43 + q. Suppose -4*j + 3*t = -r, 15 + 3 = j - 5*t. What are the prime factors of j?
3
Suppose -12 = 3*h - 0*h. Let l be (-39)/(-12) + 1/h. Suppose 4*z - 27 = z + 3*y, 0 = -5*z - l*y + 13. What are the prime factors of z?
5
Let h be (-22)/8 + (-9)/(-12). Let v(f) = f**3 + 4*f**2 + 4*f + 3. Let x be v(h). Suppose 3*b - x = 6. List the prime factors of b.
3
Let r = 54 + 27. List the prime factors of r.
3
Let c be 20/(-16)*2*-2. Suppose -3*j - 11 = -2*j - c*n, 0 = 3*n - 9. List the prime factors of j.
2
Let j(x) = -x + 13. Let t be j(11). Suppose 105 = t*u - 3*b, 3*u + 3*b - 3 - 132 = 0. List the prime factors of u.
2, 3
Suppose 0 = 6*a - 116 - 214. List the prime factors of a.
5, 11
Let g be 458/12 + 2/(-12). Suppose 11*m = 13*m - g. List the prime factors of m.
19
Suppose 0 = -3*j + 8*j - 15. Suppose -2*n + 48 = 4*m - 6*n, j*m - 44 = -5*n. List the prime factors of m.
13
Suppose 3*x = -0*x + 6. Let w(a) = -3 + 11 + 2*a**2 - a**x. List the prime factors of w(0).
2
Suppose -s = 2 + 1. Let q = s + 3. Suppose -m + 2 + 12 = q. What are the prime factors of m?
2, 7
Let s(o) = 2*o**3 + 6*o**2 + o. List the prime factors of s(3).
3, 37
Suppose 6*x - 6 = 4*x. Suppose -x*r = 3*j - 51, -j + 41 = 4*r - 18. What are the prime factors of r?
2, 7
Let u(z) = -6*z - 5. Let p(y) = -6*y - 5. Let t(i) = 2*p(i) - 3*u(i). List the prime factors of t(3).
23
Let h = -2 - -9. Let c = h - 4. List the prime factors of c.
3
Suppose -1 = -h + 4. Let r be ((-4)/h)/((-1)/100). Suppose 0 = -3*j + w - 7 + 57, 4*j - 4*w = r. What are the prime factors of j?
3, 5
Suppose -h = 4*o - 3, o = -0*o + 3*h - 9. Let p(m) be the second derivative of -m**5/20 + m**4/12 + 5*m**2/2 + m. What are the prime factors of p(o)?
5
Suppose -22 = 2*j - 4*j. Let m be j*((-2)/(-1) + -1). Suppose -3*g - m = -35. What are the prime factors of g?
2
List the prime factors of (-8)/52 - 275/(-13).
3, 7
Suppose 5*b - 7*b + 318 = 0. What are the prime factors of b?
3, 53
Let g be 1 + 1 + -2 + 0. Suppose 2*i + i + 6 = g. List the prime factors of (2 - 2) + (-20)/i.
2, 5
Let t(h) = 2*h + 1. Let c be t(9). Suppose -4*u + 15 = s - 7*u, 5*s - c = u. Suppose 0 = 5*p + s*m - 62, -4*p + 0*p = m - 51. What are the prime factors of p?
13
Let q = -256 - -429. List the prime factors of q.
173
Suppose -2*x = -4*x + 244. What are the prime factors of x?
2, 61
Let g(f) = f**3 - 4*f**2 - 2*f + 4. Let y be g(4). What are the prime factors of (-13)/52 + (-133)/y?
3, 11
Let u(p) = -p**2 + 7*p + 5. What are the prime factors of u(7)?
5
List the prime factors of 6/9*(-213)/(-2).
71
Let p be (-2)/((3 + -2)*-1). What are the prime factors of ((-8)/(-14))/(p/7)?
2
What are the prime factors of -27*(-52)/6 - 5?
229
Suppose -9*x + 2*x + 581 = 0. What are the prime factors of x?
83
Suppose 5*i + 5 = 5*p, 5*p + i - 5 = 4*p. Suppose p*o - 104 = -o. List the prime factors of o.
2, 13
Suppose -3*o - 19 = -8*o + n, -2*n + 4 = 4*o. Suppose -5*i = o*s + 19, 7 = i + 3*s - 6*s. Let f = i + 11. What are the prime factors of f?
3
Let v(s) = -s**3 - 8*s**2 + 2*s - 2. List the prime factors of v(-9).
61
Let o = -35 - -50. Suppose -o = -2*v + 25. List the prime factors of v.
2, 5
Let q(n) = -n**3 - 5*n**2 + 5. Suppose 0 = -z - 5 - 0. List the prime factors of q(z).
5
Let x = 154 + -20. Suppose -x = -5*h + 41. What are the prime factors of h?
5, 7
Let x = -255 - -379. What are the prime factors of x?
2, 31
Let u be (-8)/(-2)*20/8. Suppose 0*q - u = -o + 2*q, -5 = 4*o + q. Suppose o = 3*w - 12 - 21. List the prime factors of w.
11
Let j = 10 + -4. Let k = j - 4. What are the prime factors of k?
2
Let h(v) = -v**3 - 6*v**2 - v + 3. Let j be h(-6). Let w be 3/(j/12 + 0). Suppose 20 = 3*a - 4*s, 4*a = -w*s + 6 + 2. List the prime factors of a.
2
Suppose 0*a - 5*a - 10 = 0, a = -3*p + 250. Suppose 0 = -0*d - d + p. Suppose 3*s - 7*s = -d. List the prime factors of s.
3, 7
Suppose -4*d - 205 = -5*d. List the prime factors of d.
5, 41
Let c(n) = 175*n**2 - 2. List the prime factors of c(1).
173
Suppose 8*h - 11*h = -912. What are the prime factors of h?
2, 19
Let l(q) = -q**3 + 2*q + 1. Let p be l(-1). Suppose -10 = -p*h - 2*h. Suppose v - h*v + 24 = 0. What are the prime factors of v?
2, 3
Let w = 16 - 11. Let k(i) = i**2 - 2*i - 1. What are the prime factors of k(w)?
2, 7
Let j(s) = s + 40. List the prime factors of j(6).
2, 23
Let h(s) = 10*s - 27. What are the prime factors of h(12)?
3, 31
Let n = 8 + 27. What are the prime factors of n?
5, 7
What are the prime factors of (250 - 0) + 2/1?
2, 3, 7
Let p(t) = -t. What are the prime factors of p(-7)?
7
Let m(g) = g - 2. Let h be m(0). List the prime factors of h + -1 - (-120)/4.
3
Suppose -4*f = 2*b - 0*b - 286, 3*f = -4*b + 212. Suppose -f = -4*j + 64. What are the prime factors of j?
2, 17
Let z = -4 - -9. Let x = z + 9. Let s = x + -8. List the prime factors of s.
2, 3
Suppose 3*t = -3*j + 27, -20 - 25 = -5*j - 3*t. Let d(x) = x + 4. Let g be d(j). What are the prime factors of (-1 - 1) + (g - 2)?
3
Suppose 0 = -3*d + 4*o - 11 - 5, -3*d - o = -4. Suppose d = -n - 1 + 9. What are the prime factors of n?
2
Let l be 14/8 - (-1)/4. Suppose -3*b + 5*v = -9, 5*b = l*v + v + 15. List the prime factors of b.
3
Let n = -58 + 178. List the prime factors of n.
2, 3, 5
Suppose 6*k - k = -5. Let z(g) = -19*g - 4*g + 2*g. What are the prime factors of z(k)?
3, 7
Let w = -27 - -11. Let u = 51 + w. Suppose -4*g = 3 - u. List the prime factors of g.
2
Let a(z) be the second derivative of z**4/12 - z**3/3 - 3*z**2/2 - 3*z. What are the prime factors of a(-2)?
5
Suppose -2*c = -319 - 17. List the prime factors of c.
2, 3, 7
Let o(h) = 3*h**2 + h - 12. List the prime factors of o(12).
2, 3
Let p = -30 - -50. Let r = -2 - -3. What are the prime factors of -2*1 + p/r?
2, 3
Suppose 0 = 2*u + 5*p - 247, -3*u + 338 = -0*p + p. What are the prime factors of u?
3, 37
Suppose 4*m - 5*a - 635 = -0*m, -295 = -2*m - 5*a. Suppose w = -4*w + m. What are the prime factors of w?
31
Suppose -2 = -5*q + 2*l, q + q - 12 = -2*l. Suppose -5*t - 5 = c, -3*c - q*t = c - 34. What are the prime factors of c?
2, 5
List the prime factors of 6/(-4) - -1 - 804/(-8).
2, 5
Suppose 5*i = i + 520. List the prime factors of i.
2, 5, 13
Suppose 0 = 5*t + 48 - 13. Let l = t + 10. Suppose 2*p + l*p = 85. List the prime factors of p.
17
Let p be 4/(-1*6/9). Let g = p + 12. List the prime factors of g.
2, 3
Suppose -2*h - 8 = -4*h. Suppose h*q + q = 0. List the prime factors of q - (-1)/(3/6).
2
Let t be (-3)/18*2*15. Let l = t - -22. List the prime factors of l.
17
Let w(h) = 1 - 5 - 5*h + h**2 - 5*h**2 + 3*h**2. What are the prime factors of w(-3)?
2
Let p(c) = -2*c - 7. Let l be ((-9)/(-4))/((-6)/32). List the prime factors of p(l).
17
Suppose 0 = -0*a - 5*a + 20. Suppose 63 = -a*z + 167. List the prime factors of z.
2, 13
Let i = 55 + -35. Let a = 29 - i. What are the